 Suppose -2*h = -h - 5. Suppose -4 = 2*f - 5*z, f = 5*f - h*z + 8. Calculate o(f).
-2
Suppose -3*y + 10 = -5. Suppose -v = -5*r + 3*r - 8, y*r - 6 = -4*v. Let q(c) = c**3 - 3*c**2 - 7*c + 6 - 8 + 8. Give q(v).
-6
Let d(t) = t**3 - t**2 + t - 2. Let b be d(2). Let i(n) be the second derivative of -n**4/12 + n**3/2 + 2*n**2 + 7*n. Determine i(b).
0
Let s(w) be the first derivative of -1/6*w**3 - 3/2*w**2 + 1/8*w**4 - 1/60*w**5 + 0*w - 2. Let p(x) be the second derivative of s(x). What is p(3)?
-1
Suppose -2*v + 0 = q - 9, 5*v = 2*q. Let l(w) = -w**2 - 2*w + 1. Give l(v).
-7
Let b = 20 - 20. Suppose 2*h - 9 = 3*m - 3, 4*h - 12 = 5*m. Let g = b + h. Let l(q) = q**3 - 3*q**2 + 1. Give l(g).
1
Let z(d) = -5*d + 1. Let v(f) = 2*f. Let k(l) = 7*v(l) + 3*z(l). Determine k(-7).
10
Suppose 17 = 4*q + 25. Let f be q + 0 - 1 - -3. Let r(k) = k**2 + k + 6. Give r(f).
6
Let o(q) = 1 + q**2 - q**3 + q - 3*q**3 + 5*q**3 + 0*q. Let s(a) = -a**2 + 10*a - 11. Let k be -12*(-2)/((-8)/(-3)). Let h be s(k). What is o(h)?
-5
Let j be (-6 - -1)/5*(5 + -2). Let l(i) = 3*i**2 + 4*i + 2. Give l(j).
17
Let q(b) = b - 8. Let n(d) = d + 5. Let m be n(-9). Let x = m - -4. Give q(x).
-8
Let y(w) be the third derivative of 1/6*w**3 + 1/30*w**5 - 2*w**2 + 0*w - 3/40*w**6 - 1/12*w**4 + 0. Calculate y(1).
-8
Let a(d) = 2*d - 2. Let y be a(2). Suppose 0*n - y*n = 0. Let m(o) = -3 + n + 0 - 2*o. Give m(-5).
7
Let z(o) = -o + 0 - 3 + 2. Suppose 10*i - 12*i = -2. Calculate z(i).
-2
Let q(t) = t**3 - 8*t**2 + 2*t - 11. Let m(l) = 9*l**3 - 2*l**2 + 1. Let p be m(1). Calculate q(p).
5
Let c = 3 + -8. Let h(u) be the first derivative of -u**2/2 - 3*u - 2. Determine h(c).
2
Let l(f) = 2*f - 3*f + f + f. What is l(-5)?
-5
Let l(r) = r**2 - 11*r - 9. Let v = 182 - 170. What is l(v)?
3
Let w(l) = l**3 + 2. Let j(k) be the third derivative of -k**4/24 + 7*k**3/6 - 2*k**2. Let b be j(3). Let u = -4 + b. Calculate w(u).
2
Let o(m) = 2 + 6*m**2 - 2. Let g be 3/(-6) + 42/4. Let d = g + -9. Calculate o(d).
6
Let a(u) be the second derivative of -11*u**4/12 + u**3/6 + u**2/2 - 3*u. Let w = 37 + -38. Calculate a(w).
-11
Let u(b) be the second derivative of -7*b**5/20 + b**4/12 + b**3/6 - 3*b. Let k be u(-1). Suppose k*w + 25 = 2*w. Let n(f) = f - 1. Determine n(w).
-6
Let h(x) = -4*x**2 + x + 2. Let k be (-56)/26 + (8/52)/1. Give h(k).
-16
Let z(i) = -2*i**2 + 2. Let w(u) = u**2 - 3*u - 5. Let q be w(4). Let y(r) = -3*r**3 - r**2 - r - 1. Let l be y(q). Calculate z(l).
-6
Suppose 0*c + 5*i + 1 = -3*c, -2*i = 3*c + 13. Let f be c + 1/(1/2). Let p(g) be the second derivative of -g**4/12 - 5*g**3/6 - 2*g**2 - 12*g - 1. Give p(f).
-4
Suppose -v - 2 + 12 = 0. Let p = 11 + 0. Let m(g) = -g - p + v + 3*g. What is m(2)?
3
Suppose 0 = 5*k - 0 - 15. Let d(n) be the first derivative of n**4/4 - 2*n**3/3 - 2*n**2 + 3*n - 1. Determine d(k).
0
Let l(o) = o**2 - 2. Suppose x + 0*x - 4 = 0. Let p = 7 - x. Give l(p).
7
Let k(j) be the third derivative of j**6/120 + j**5/12 - j**4/4 + 4*j**3/3 - 3*j**2. Give k(-6).
8
Suppose y - 3 = -u - 0*y, -y = 5*u - 3. Let j(b) = 2 - b + 4 + u*b. Calculate j(4).
2
Let a(g) = -g**2 + 1. Suppose 0 = -2*m - 4 + 6. Let i(s) be the third derivative of s**5/30 - s**4/6 + 2*s**2. Let l(n) = m*i(n) + a(n). Determine l(4).
1
Let y(i) = -3*i**2 - 5*i - 5. Suppose -24 = 7*s - 3*s + 3*b, 4 = -b. Let a(v) = 4*v**2 + 5*v + 4. Let c(m) = s*y(m) - 2*a(m). Calculate c(-5).
7
Let a(v) be the second derivative of -v**4/12 - 4*v**3/3 - 4*v**2 + 8*v. What is a(-8)?
-8
Suppose -2*l - 4 = -4*l. Let d(i) = 4 - i**l - 3 + i**2 + 2*i - i**2. Determine d(2).
1
Let v(w) = -w**3 - 4*w**2 + 2*w - 4. Let d(h) = -4*h**3 - 13*h**2 + 5*h - 13. Let n(c) = 2*d(c) - 7*v(c). What is n(2)?
-6
Suppose -11*s + 25 = -6*s. Let h(l) = l**2 - 7*l + 5. Give h(s).
-5
Let m be (3 + 3)/2 - 3. Let b(t) = 6*t + 3 - 3 + m. Determine b(1).
6
Suppose 10 = 2*z + 2*p - 3*p, 18 = 2*z + 3*p. Let l(u) = u**3 - 2*u**3 - 5*u - z*u**2 - 2*u - 4. Give l(-5).
6
Let u(l) be the third derivative of l**5/12 + 11*l**4/24 - 3*l**3/2 - 6*l**2. Let g(z) = -4*z**2 - 10*z + 8. Let j(w) = -6*g(w) - 5*u(w). Calculate j(3).
3
Let o(t) = -t**2 + 5*t + 6. Let n be o(6). Let i be (1 + n)/(3/(-6)). Let a(z) = 0 + z - 1 - 1 + 1. Calculate a(i).
-3
Let t = 5 - -4. Let q(a) = a**3 + t*a**3 - 1 - 2*a**3 + a**2. Let f(r) = -r**3 + 4*r**2 + 5*r + 1. Let c be f(5). Give q(c).
8
Let c(f) = 0 + f - 4*f**3 + 0. Let g(d) = 0 + d**2 + 5 - 3 - 4*d. Let b be g(3). Determine c(b).
3
Let s(n) = -n**2 - 8*n - 8. Let z be s(-6). Suppose -c - 15 = -z*c. Let l(v) = v**3 - 4*v**2 - 4*v + 1. Determine l(c).
6
Let b be (1 + 1)*(-30)/12. Let z(v) = -6*v + 10. Let d(s) = -s + 2. Let u(h) = -11*d(h) + 2*z(h). Give u(b).
3
Let g(r) = -2*r + 6. Let z(f) = f - 4. Let l(s) = 4*g(s) + 6*z(s). Calculate l(-4).
8
Suppose -5*n + 27 = 3*s, 3*s = -n + 15 - 0. Suppose 2*r - s*r - 3*a + 1 = 0, 2*r = -5*a + 3. Let k(f) = 4*f**3 + f**2 - 1. Calculate k(r).
-4
Let z(q) be the third derivative of q**5/60 + q**4/24 - q**3/6 - 5*q**2. Give z(-2).
1
Let t(z) = -z - 8. Let y(p) = 1. Let o(x) = t(x) + 6*y(x). Determine o(-2).
0
Let u(k) = k**3 - k**2 + k. Suppose 5*s = -2*m + 5, 2 = 4*m + 3*s - 1. Calculate u(m).
0
Suppose 2*m = 3*h + m - 20, 10 = -2*m. Suppose -3*l = -3*p - 12, 0 = -5*p + 2*l - 10 - 19. Let s = h + p. Let k(w) = -w**3 - 3*w**2 - 2*w - 2. Determine k(s).
-2
Suppose -i = i. Let t = i - 0. Let c(g) = g**2 + g + 3. Give c(t).
3
Let c(h) = h - 1. Let t be c(7). Let o be 3/(-2 + 21/t). Let p(w) = 0*w + 1 - 3*w**3 + 0*w**3 + 4*w**3 - 3*w. Give p(o).
3
Suppose 3*u - u = 4*k + 34, 5*k - 5*u + 50 = 0. Let x(v) be the first derivative of -v**4/4 - 7*v**3/3 - v**2 - 7*v + 5. Give x(k).
7
Let q be (-51)/(-12) - (-3)/4. Let v(y) be the first derivative of y**4/4 - 2*y**3 + 2*y**2 + 5*y + 2. Determine v(q).
0
Let c(x) = -x**2. Suppose -g = 2*i - 16, -2*g - i + 4*i = 3. Let k = -2 - 5. Let y = k + g. Determine c(y).
-1
Let y be 6*(-2)/(-3) + -2. Let l be (y + 5/(-2))*2. Let j(x) = 9*x + 4*x - 17 + 18. Give j(l).
-12
Let g(k) = k**2 + 3*k - 2. Suppose -2*y = 4 - 18. Let c be 1*(2 + y)/3. Let t be (10/c)/(2/(-3)). What is g(t)?
8
Let x(l) = -11*l**3 - 15*l**2 + 3*l + 2. Let d(z) = 6*z**3 + 8*z**2 - 2*z - 1. Let k(p) = 7*d(p) + 4*x(p). Let o(j) = -j**2 - 2. Let w be o(0). What is k(w)?
5
Let s(y) be the second derivative of -3*y**2 + 0 - 2/3*y**3 - 1/12*y**4 + 3*y. What is s(-4)?
-6
Let v(i) = -4*i - 3. Let x(w) = -9*w - 5. Let l(a) = 7*v(a) - 3*x(a). What is l(-7)?
1
Let g = 99 - 98. Let h(z) = -4*z - 1. Give h(g).
-5
Let k(o) = -o**3 + o**2 + o + 6. Let f be k(0). Let w(u) = u - 7. What is w(f)?
-1
Suppose 5*q = 14*q - 63. Let i(w) = -w**3 + 8*w**2 - 4*w - 8. Give i(q).
13
Let r(m) = m**2 - 6*m - 9. Let l = -7 + 14. Determine r(l).
-2
Let p(b) = 2 - b**2 - 1 + 0*b**2. Suppose -2*m + 3*d = -18, -d + 6*d - 18 = -2*m. Suppose -2*h - g - 5 = h, 5*h + g + m = 0. Determine p(h).
-3
Let o(s) = -s - 4. Let n = 109 - 70. Let h be 4/6 - n/(-9). Suppose -13 = w + w - 3*l, -24 = h*w + l. What is o(w)?
1
Let m be 92/(-16) - 6/(-8). Let h(v) = -15*v - 2. Let w(y) = -8*y - 1. Let q(c) = m*w(c) + 3*h(c). What is q(1)?
-6
Suppose -v + 2*v - k = -2, 2*v + 4 = 4*k. Let t(h) = -2*h**2 + 2*h + 3. What is t(v)?
-9
Let z(l) = -2*l. Suppose 4*j = 5*x - 38 + 10, 0 = 2*x - j - 10. Suppose -2*d + 8 = 5*y - 6, -x*d - 32 = -5*y. Determine z(y).
-8
Let r(k) = 92 - 2*k + 84 - 175. Determine r(-2).
5
Let j(d) = 9*d**2 - 16*d - 7. Let f(v) = 3*v**2 - 8*v - 2. Let a(u) = -u**2 + u + 1. Let c(k) = 3*a(k) - f(k). Let i(g) = -7*c(g) - 5*j(g). Give i(2).
-6
Let n(x) = x + 1. Let g(j) = -4*j. Let q(h) = g(h) + 2*n(h). Determine q(-2).
6
Let v(n) = -n**2 + 12*n - 9. Suppose -2*g = -3*d + 27, 19 = 2*d - g - 0*g. What is v(d)?
2
Let a(s) = 2*s + 5. Let q be 2/((-6)/20 - 1/5). Determine a(q).
-3
Let v = 7 - 5. Let r(s) = -s**3 + 2*s**2 - s - 1. What is r(v)?
-3
Let z(i) = 4*i**3 + 2*i - 1. Suppose -4*t = -2*t - 2. Give z(t).
5
Suppose -3*k = 3, 4*g + 2 = -3*k - 1. Let c(m) = m**3 + m**2 - 3. Determine c(g).
-3
Let y(v) = 5*v**2 + 2*v - 1. Let c be y(1). Let d = 5 - 2. Let s(p) = p - 5*p + d*p - c. Calculate s(0).
-6
Suppose -3*i = -10 - 20. Let o be ((-4)/10)/((-2)/i). Let x(a) = 1 + 4*a - 1 - 2. Calculate x(o).
6
Let q(j) be the first deri